er when n is divided by c(4)?
9
Suppose -7*m = -2*m - 70. Suppose -t - 185 = 4*t. Let w = 77 + t. Calculate the remainder when w is divided by m.
12
Let f(t) = -t**2 - 16*t + 116. Let n(o) = 3*o - 23. Let z(w) = -2*f(w) - 11*n(w). Calculate the remainder when z(6) is divided by 15.
12
Let y(v) = 8*v - 45. Let c be y(10). Let s = -45 - -14. Let r = c - s. Calculate the remainder when r is divided by 17.
15
Let l(j) = -1 + 12*j - 2 + 1 + 0*j. What is the remainder when l(1) is divided by 4?
2
Let q(m) = 2*m**2 - 8*m - 23. Suppose 0 = 4*r - t + 4*t - 20, -28 = -r + 5*t. Calculate the remainder when q(r) is divided by 23.
18
Let d(b) = -b + 8. Let v(l) = 3*l**2 + l - 1. What is the remainder when d(0) is divided by v(1)?
2
Let c(w) be the first derivative of -1/4*w**4 + 3*w**3 - 3*w**2 - 4 + 5*w. What is the remainder when 81 is divided by c(8)?
18
Let t = 27 + 17. Suppose -t = -3*y - 4*i, 4*y + y = -5*i + 65. Suppose h + 72 = 2*m, 2*m - 35 = m + h. What is the remainder when m is divided by y?
5
Let d be (-9)/24 + 280/64. Suppose -r = -d*r + 87. Let w = -21 + r. What is the remainder when 20 is divided by w?
4
Let p = 120 + -80. Let t = 83 - p. Let n = -7 + 18. What is the remainder when t is divided by n?
10
Suppose 3*n - 3 = h, 0 = -5*h + 4*n - 5 - 32. Let z(l) be the first derivative of -l**4/4 - 3*l**3 + 7*l + 1. What is the remainder when 27 is divided by z(h)?
6
Let a = 343 - 342. What is the remainder when 18 is divided by a?
0
Let x be 27/1 + (-1)/(-1). Suppose 14 = 3*d - 4*f, 3*f - 7 = 4*d - x. Calculate the remainder when 46/1*(-1 + -2)/(-6) is divided by d.
5
Suppose -121 = -4*v - 4*u - 45, -5*v - 4*u = -100. Let s = -76 - -141. Suppose 43*o = 38*o + s. Calculate the remainder when v is divided by o.
11
Let v be -2 - 0 - (-4)/2. Suppose 2*b - 4*p + 32 = 0, -5*p + 20 + 5 = v. Calculate the remainder when 35 is divided by (1 - -2)/(b/(-40)).
15
Let o(s) = -10*s + 3*s + 6*s - 9. Let i be o(-13). Suppose -i*l + p + 88 = l, -p + 20 = l. What is the remainder when l is divided by 10?
8
Let x be (10/(-4))/(-5) - 875/(-10). Let z = -74 + x. What is the remainder when (-9)/((1/(-1))/6) is divided by z?
12
Suppose -13*m = -9*m - 8. Let i(d) = 20*d + 1. What is the remainder when i(3) is divided by 39/2 + -2 + 7/m?
19
Let a(y) = -42*y - 6. Let j be a(1). Let z = 67 + j. Suppose -27 = -p - 5*m, 101 = 3*p - m + 6*m. What is the remainder when p is divided by z?
18
Calculate the remainder when 1230 is divided by ((-176)/64)/(2*(-1)/8).
9
Let b = -186 + 356. Suppose 3*n - 8*n = -b. Let f = -945 - -1079. What is the remainder when f is divided by n?
32
Suppose -2*n + 13 = -7. Let l(m) = -n + 9 - 12 + 2*m. What is the remainder when 51 is divided by l(13)?
12
Let l = -58 + 168. Calculate the remainder when l is divided by 16.
14
Let p(b) = -b**3 - b**2 - b + 4. Let r be p(0). Suppose 20 = -r*d, 3*z = 3*d + 7 + 8. Suppose u + z*u = 12. What is the remainder when 33 is divided by u?
9
Let k = -5 - -7. What is the remainder when 375/15 + k*-2 is divided by 12?
9
Let r(u) = -7*u - 17. Let o(x) = 3*x + 8. Let s(t) = 5*o(t) + 2*r(t). Let j = 43 - 34. Calculate the remainder when 44 is divided by s(j).
14
Let y(t) = -2*t**3 - 33*t**2 + 99*t + 135. Suppose 2*d - 100 = -3*d. What is the remainder when y(-19) is divided by d?
19
Let k be (1 - -25)/((-2)/(-3)). Let h = -24 + k. What is the remainder when 73 is divided by h?
13
Let q = -110 - 3. Let x = -27 - q. Suppose 2*z - 17 = -4*b + 35, 2*b = -4*z + x. What is the remainder when z is divided by 7?
6
Let f(v) = v**2 + 7*v + 11. Suppose -a - 21 = -u, 11 = -2*u + 3*u - 3*a. Let y = u + 28. What is the remainder when y is divided by f(-8)?
16
Suppose 0 = 2*l - 5*h - 87, -170 = -5*l - 17*h + 20*h. Calculate the remainder when 34 is divided by l.
3
Let y = -151 - -158. Calculate the remainder when 23 is divided by y.
2
Let h(k) = 76*k**3 + 4*k**2 - 10*k + 3. Calculate the remainder when h(2) is divided by 8.
7
Let f = 21 + 33. Calculate the remainder when f is divided by (14/(-5))/((-2)/20).
26
Let t be (-115)/(0 - (-1)/(-1)). Let b = t - 50. Calculate the remainder when b is divided by 18.
11
Let b be (-3)/15 + (-11)/(-5). Suppose -g + b*j = -23, j - 170 = -6*g + g. Suppose -4*d = -d - g. Calculate the remainder when 42 is divided by d.
9
Suppose -2*b = 7*b - 207. Suppose -3*p + 101 = b. What is the remainder when 77 is divided by p?
25
Let p(w) = 4*w**2 + 2*w + 3. What is the remainder when 42 is divided by p(-1)?
2
Let z = -161 - -290. Suppose 0 = 2*g - 6, -5*g - z = -2*o - 28. What is the remainder when o is divided by 10?
8
Let o be (-4 - 12/(-4))*14. Let p be o + 18 - (1 - 1). Suppose -p*w + 26 = -0*j + 5*j, -17 = -2*j + 5*w. What is the remainder when 9 is divided by j?
3
Let w = 13 + -9. Let f be (w + 25)*(-6)/(-3). Suppose c = -0*c + f. What is the remainder when c is divided by 15?
13
Suppose -21*u = -25*u + 16. Suppose u*d + 4*q - 163 = -3, 3*d = 4*q + 141. Calculate the remainder when 170 is divided by d.
41
Let y(l) = -l**3 + 13*l**2 + 15*l + 3. Let p = -201 + 101. Let k = -35 - p. Calculate the remainder when k is divided by y(14).
14
Suppose 16*t = 26*t - 4500. Calculate the remainder when t is divided by 41.
40
Let z = -16 + 17. Let o(v) = 7*v**2 + 2*v - 1. Let m be o(z). What is the remainder when 20 is divided by m - (-5 - -3) - 4?
2
Let k(p) = -p**3 - p**2 + p + 4. Suppose i - 6 = 3*i. Calculate the remainder when 32 is divided by k(i).
13
Let b(k) = k - 9. Let o be b(14). Let q be 1*(1 + -2)*-3. Suppose q*g = -o*l + 52, 9 = 3*g - 5*l - 23. What is the remainder when g is divided by 3?
2
Let m = -26 - -72. Let s = 1 + m. What is the remainder when s is divided by 12?
11
Let l(q) = q**3 - 4*q**2 + 3. Let v be l(2). Calculate the remainder when (-10)/v*125/2 is divided by 32.
29
Suppose -p = -k - 4*k - 296, -5*p + 300 = -5*k. Let i = k - -75. Calculate the remainder when (-376)/(-6) - 2/(-6) is divided by i.
15
Let t = -987 - -1063. Calculate the remainder when t is divided by 33.
10
Suppose 0 = 2*t - b + 22, 5*b + 26 + 8 = -2*t. Let g = t - -44. Calculate the remainder when g is divided by (-4 + 3)*(-170)/10.
15
Suppose 4*p + 5*h = -0*p - 4, 3*p - 5*h = -3. Let c(y) = -9*y. Let d(u) = 2*u**3 + 15*u**2 - 9*u - 2. What is the remainder when c(p) is divided by d(-8)?
3
Let o be 2 + 24/(-8) - -1*2. What is the remainder when 24 is divided by (o - (-8)/10)*(4 - -1)?
6
Let h(o) = -o - 15. Let k = 3 - 15. Let u be h(k). What is the remainder when 45 is divided by (3/(-2))/(u/32)?
13
What is the remainder when 69 - (-2 - (-4 + 1)) is divided by 15?
8
Suppose 11*h = 23 + 10. Suppose 4*k + 2*t = 5*k - 10, -5*t + 5 = 5*k. What is the remainder when k is divided by h?
1
What is the remainder when -2*3/6 + (-321)/(-3) is divided by 10?
6
Suppose 114 = -l + 255. Calculate the remainder when l is divided by 11.
9
Let q(a) = -3*a**3 - 34*a**2 - 11*a + 11. Calculate the remainder when 76 is divided by q(-11).
10
Let o(f) = 58*f - 281. Calculate the remainder when 22 is divided by o(5).
4
Let w(g) = g**3 - 10*g**2 - 11*g. Let o be w(11). Let r be (o/(2 + -3))/2. Let v = 11 + r. Calculate the remainder when 31 is divided by v.
9
Let j = -6 - -10. Suppose 12 = -0*o + j*o. Suppose -o*v + 98 = -4*s, v + 2*s + 100 = 4*v. Calculate the remainder when v is divided by 9.
7
Suppose -4*l + 2*a + 571 = -621, 308 = l - 3*a. What is the remainder when l is divided by 69?
20
Suppose 633*f - 637*f = -444. Calculate the remainder when f is divided by 36.
3
Suppose 62*i + 68 = 2*g + 66*i, -214 = -5*g + i. Suppose 3*t + 2*s - 324 = -t, -5*t + 3*s = -416. Calculate the remainder when t is divided by g.
40
Suppose -4*v - 131*u + 44 = -128*u, -3*u - 54 = -3*v. Calculate the remainder when 428 is divided by v.
8
Let u = -196 - -216. What is the remainder when 197 is divided by u?
17
Suppose -2*p = 3*h - 151, -3*p - 7*h + 5*h = -239. Let j = 91 - p. Calculate the remainder when 70 is divided by j.
6
Let z be 1*-2 + -33 + 15 + -16. Let j = z + 39. What is the remainder when 4 is divided by j?
1
Let n(k) = 2*k**2 - 4*k + 4. Let c be n(8). Suppose 4*h - 64 = m - 3*m, 3*m = -2*h + c. Let x(f) = -f + 4. What is the remainder when m is divided by x(-5)?
7
Let d(w) = w + 1. Let b be d(3). What is the remainder when 35 + (-1 - 8/b) is divid